
Suppose 0 = 2*j - 7*j + 165. Suppose -3*h = -15 - j. What is the tens digit of h?
1
Let u = -4 - 4. Let x(n) = n**2 + 8*n + 12. What is the tens digit of x(u)?
1
Let n = -48 - -85. Let f be n/(-1 + -2 + 4). Suppose 0 = 3*l + 4 - f. What is the units digit of l?
1
Let v be (6/5)/((-2)/(-10)). Suppose -10 = 3*d - v*d + n, -2*n = 3*d + 2. Suppose 4 = d*q - q. What is the units digit of q?
4
Let y = 87 - 47. What is the units digit of y?
0
Let a = 87 + -82. What is the units digit of a?
5
Suppose 0 = -r + 5, 0*y - y - 3*r = -55. What is the tens digit of y?
4
Suppose 3*u - 4*r = 73, 72 = -0*u + 4*u + r. Let c = u - 31. Let p = 21 + c. What is the units digit of p?
9
Let h(o) = -o**3 - 7*o**2 + 12*o + 11. Let i be h(-8). Let s = i - -32. What is the units digit of s?
1
Let u(q) = 5*q**2 - 8*q + 7. Let h(n) = 2*n**2 - 4*n + 3. Let g(i) = 7*h(i) - 3*u(i). Let a be g(-3). What is the units digit of 7*(-1 - -7)/a?
4
Let r(b) = 2*b. Let g be r(1). Suppose 4*m + 38 = x - m, -48 = -g*x + 3*m. What is the units digit of x?
8
Suppose -2*f + 11 = 5. Let l be (-20)/(-2)*(-80)/(-25). Suppose -5*r + 0*h = 2*h - l, 3*r - 21 = -f*h. What is the units digit of r?
6
Suppose -5*q = 4*j - 430, -5*j + 3 - 89 = -q. What is the tens digit of q?
8
Let k be 1 + 3 + (-3 - -2). Suppose 0 = k*b + 12, -5*n - 5*b + 34 = -3*n. What is the units digit of n?
7
Suppose -5*f = -2*f - 90. What is the units digit of (5 + 1)/(9/f)?
0
Suppose 0 = 3*j - 2*j + 5*v - 22, -4*j - 5*v + 28 = 0. Suppose -d = g - 2, j*g = -2*d - 3*d + 7. What is the units digit of g?
1
Suppose -4*a - o + 9 = -4*o, 3*o = 5*a - 9. Let l = a + 1. What is the units digit of l?
1
Let j be 0/3 + 1 + 1. Suppose 0 = o + 2*p - 11, -4*o + 0*o + 5*p + 18 = 0. Suppose -j*n = -o - 1. What is the units digit of n?
4
Let r(i) be the second derivative of -i**3/6 - i**2/2 - i. Let q be r(-6). Suppose m - q*m = -4. What is the units digit of m?
1
Suppose -6*o + 22 = -2*o - 2*g, 19 = 4*o - 5*g. Let u = o - 10. Let m = -1 - u. What is the units digit of m?
3
Suppose -5*d + 8*d = 159. What is the units digit of d?
3
Let m be (-6)/(0/(-1) + -2). Suppose -w + 5 = m*a - 5, 10 = 2*a - w. Suppose -a*o + 12 = -0. What is the units digit of o?
3
Let l = 32 + -28. Suppose -2*j = r - 71, 3*j = -j + 4*r + 148. Suppose j = -t + l*t. What is the tens digit of t?
1
Suppose -20 = -2*a - 2*a. Suppose a*y - 3*l = -5, 6*l = l + 25. What is the units digit of 6/(1 + y) + 2?
4
Let y = 3 + -5. What is the units digit of (-3)/5*(-17 - y)?
9
Suppose -2*o - 2*w = -o + 4, -4*o - 2*w = -8. Let a = -2 + o. Suppose -15 = -q - 4*q - a*v, -5*q = -2*v - 15. What is the units digit of q?
3
Let t = -5 - -65. What is the tens digit of t?
6
Suppose g + 4*q = 4*g - 44, -2*q = -5*g + 78. What is the tens digit of g?
1
Suppose 2*i + 2 = 3*i. Let v(c) = 34*c - 1. Let g be v(i). Suppose -38 = -4*z - 3*o, -5*o = 5*z - g + 22. What is the units digit of z?
1
Suppose 0*y + y = -4. Let i = y + 8. What is the units digit of i?
4
Let d = -3 - -97. What is the units digit of d?
4
Let x(z) be the third derivative of -z**6/120 - z**5/20 - z**4/24 + 2*z**3/3 - 3*z**2. What is the units digit of x(-3)?
7
Let z(c) = 12*c - 3. Let l be z(2). Let v be (-2)/(2*(-2)/10). Suppose -14 = -v*d + l. What is the units digit of d?
7
Let r(t) = -t**3 - 8*t**2 - 7*t + 1. Let k be r(-7). Let u = 0 + k. Let m = 15 + u. What is the tens digit of m?
1
Suppose -4*y - 64 = -4. Let x = 20 + -22. Let h = x - y. What is the tens digit of h?
1
Let n(r) be the first derivative of r**3/3 - 7*r**2/2 + 7*r + 3. What is the units digit of n(6)?
1
Let h(x) = -x**2 - 16*x + 12. Let b(s) = -4*s + 4. Let a be b(5). What is the units digit of h(a)?
2
Let v(d) be the first derivative of -d**2 - 7*d - 1. Suppose 4 + 11 = -4*j - 3*k, 2*j - 5*k = -27. What is the units digit of v(j)?
5
What is the units digit of (2/6)/(4/588)?
9
Let s(r) = -4*r + 1. Let n(m) = m. Let i(k) = 5*n(k) + s(k). Let d be ((-9)/(-18))/((-1)/(-8)). What is the units digit of i(d)?
5
Let i(h) = 4*h**2 - 2*h + 3. What is the units digit of i(-3)?
5
Let u = 4 - 0. Suppose u*k = 21 + 19. What is the units digit of k?
0
Suppose 4*p + l - 8 = -2*l, -3*l = -3*p + 6. Suppose 0*g - 4 = -2*g. Suppose -g*r = -4*r + p. What is the units digit of r?
1
What is the units digit of (26 + -1)*2/2?
5
Suppose 2*y = 4*t - 10, -13 = -3*t + 5*t + 5*y. Let v be (-1)/(t/(-4)*-1). What is the units digit of ((-18)/v)/((-1)/(-2))?
9
Let b be 6/(-9) + (-10)/(-6). Let o(q) = q**3 - 4*q**2 + q - 3. Let g be o(4). What is the units digit of (g + b)/2*1?
1
Suppose 0 = -8*j + 534 + 178. What is the units digit of j?
9
Let y(j) = -j**3 - 9*j**2 - 9*j - 8. Let a be y(-8). What is the units digit of 2 - (-3 - a - -2)?
3
Suppose -2 = 5*r - 4*r. What is the units digit of (-19)/((3 + r)/(-1))?
9
Suppose -2*m + 38 = 5*c, -5*m + 37 = 5*c - 2*m. Let u = c + -5. What is the units digit of u?
3
Let l(m) = 4*m + 20. Let y(g) = g + 1. Let d(b) = l(b) - 3*y(b). Let w be 2/(1/1)*-4. What is the units digit of d(w)?
9
Let c be (-2)/7 + (-2760)/42. Let a = -44 - c. What is the tens digit of a?
2
Suppose -3*a + 31 - 10 = -5*h, 0 = 5*a + 5*h + 5. Let g = 1 + -2. Let t = a + g. What is the units digit of t?
1
Suppose 32 = 14*x - 13*x. What is the units digit of x?
2
Let q = 6 + 4. Let f be (-138)/(-4) - 5/q. What is the units digit of (-1)/(-2) + f/4?
9
Suppose -u + 14 = -12. What is the units digit of u?
6
Let s(l) = -l**3 - 8*l**2 - 6*l + 9. Let t be s(-7). Suppose -3*m + 19 = t*v, 1 + 0 = -2*v + m. What is the units digit of -2 - (-13)/1 - v?
9
Suppose j = -j - 2. Let s = j + 3. Suppose s*b = -5 + 23. What is the units digit of b?
9
Let d = 405 - 224. What is the tens digit of d?
8
Suppose 0 = 5*w + z - 134, -4*w - 2*z + 153 = 41. What is the tens digit of w?
2
Let f = 3 - 3. Suppose f = g + g + 8. Let o = g + 9. What is the units digit of o?
5
Let j be 10/35 - (-24)/14. What is the units digit of 0/1 + 11*j?
2
Suppose -3*l + 5*l - 5*m = 29, -m = -5*l + 15. Suppose -2*s + l = -s. Suppose -22 + 4 = -s*n. What is the units digit of n?
9
Let g = 11 - 1. Let b = 13 - g. Suppose -b = -3*c, 2*x - 5*c = 3*x - 14. What is the units digit of x?
9
Suppose 259 = 9*a - 182. What is the tens digit of a?
4
Let j = -16 + 1. What is the tens digit of -3 + 2*j/(-2)?
1
Suppose 30 + 24 = 2*x. Suppose 8 = -5*i + 23. Suppose 2*z = -o - 0*o + 18, -i*z = -4*o - x. What is the units digit of z?
9
Let u be (-28)/(-10) + 2/10. Suppose 0 = -u*b + 20 - 5. What is the units digit of b?
5
Suppose 0 = -t - 2, 2*c + 2 = t - 3*t. Let m = -1 + c. Suppose 10 = 5*q, m = -5*l + 5*q + 13 + 12. What is the units digit of l?
7
Suppose b = 0, -3*d + 89 = 4*b + 254. Let g = -36 - d. What is the tens digit of g?
1
Let s = 35 + -15. Let j be ((-4)/8)/((-2)/s). What is the units digit of 6/j*20/6?
4
Let r(m) = m - 2. Let p be r(2). Suppose p = 4*j - 5 + 1. What is the units digit of j?
1
Let i = 37 + -19. Let x be (3*(-1 + 0))/(-1). Suppose 0 = -3*m + i - x. What is the units digit of m?
5
Let p(f) = -5*f - 11. Let c(b) = b. Let y(u) = -4*c(u) - p(u). What is the units digit of y(-6)?
5
What is the units digit of 12/((-185)/50 + 4)?
0
Suppose 34 - 4 = 5*x. Let t(n) = -3*n - 8 - n**2 + 4*n + 8*n. What is the tens digit of t(x)?
1
Suppose 0 = 3*l - 3*s + 324, 4*l = 3*l - s - 102. What is the tens digit of (30/l)/(1/(-119))?
3
Let b be 627/12 - (-1)/(-4). Let i = 77 - b. What is the tens digit of i?
2
Let k(t) = -t**3 + t**2 + 2*t. Let l be k(3). What is the units digit of (-313)/(-7) - l/42?
5
Suppose 0 = -5*q + 5, -5*q + 6 = o - 2. Suppose o*x + 5 = -4, -3*x - 149 = -4*k. What is the tens digit of k?
3
Suppose -2*c + 3*c = 3*w, 0 = -3*c - 3*w + 12. Let f = c - 4. Let b(q) = -5*q - 1. What is the units digit of b(f)?
4
Suppose 3*t - 112 - 49 = 4*q, -4*t + 215 = -5*q. What is the tens digit of t?
5
Let u(k) = 3*k**3 + 10*k**2 + 18*k + 15. Let i(d) = 5*d**3 + 15*d**2 + 27*d + 22. Let z(c) = 5*i(c) - 8*u(c). What is the units digit of z(7)?
5
Let a = -44 + 28. Let n be a*-1*3/6. What is the units digit of (n/10)/(2/15)?
6
Let w = -251 - -451. What is the tens digit of w?
0
Suppose 0 = a - 5*o + 18, -13 = -5*a - o + 1. Suppose -2*f + 2*m + 8 = -a*m, -4*m - 32 = -4*f. What is the units digit of f?
2
Let w(g) = -2*g + 0*g - 2 + 4*g**2 +